he second derivative of 1/2*l**2 - 1 - 1/6*l**3 + 14*l + 9/20*l**5 - 1/12*l**4. Calculate u(1).
8
Let r(j) = -j**3 + 4*j**2 + 4*j - 4. Let m(t) = 4*t**2 + 12*t + 52. Let i be m(-4). Let h = i - 64. Give r(h).
12
Let u(s) = 2*s - 16. Let o be ((-245)/14)/((-112)/64). Calculate u(o).
4
Let v be 20360/30 - (-3)/9. Let h(w) = 0*w - 2*w - 3*w**2 + 680 - v + w. Determine h(2).
-13
Let v be (-8 - (4 + -20)) + 2*2. Suppose 63 = -33*d + v*d. Let k(f) = -f + 1. Let q(p) = p - 2. Let t(l) = -4*k(l) - 3*q(l). Calculate t(d).
-1
Let k(f) = -2599*f**2 + 26*f - 2605*f**2 + 22 + 7805*f**2 - 2603*f**2. Determine k(14).
-6
Let t(y) = 12*y**3 + y**2 + 2*y + 1. Let g = -265 - -269. Let h be -3 - (-18)/8 - g/16. Calculate t(h).
-12
Let w(c) = -4*c + 14*c**2 - 120 + 64 + c**3 + 35. Determine w(-14).
35
Let k = -5434 + 5473. Let m(j) = -2*j**2 + 77*j + 42. Calculate m(k).
3
Let x(v) = v**3 - 9*v**2 + 5*v + 8. Let s = 129 + -109. Suppose -24*j + s*j = -32. What is x(j)?
-16
Let h(c) = -c + 2. Let n = -22 + 26. Suppose 0 = -2*o + x - 4*x + 5, 0 = -n*x - 4. Let q be o + (1 - 10/(-5)). Give h(q).
-5
Let h(y) = 2*y**2 + y - 1. Let z(m) = -2*m + 1. Let i(s) = s**2 - 4*s + 2. Let a be i(1). Let d(o) = a*h(o) - 3*z(o). What is d(3)?
-5
Let b be 1 - 2 - (-6 + 0). Let t(l) = -b*l**2 - 9*l - 12 + 5 + 12 + 6*l**2. Determine t(6).
-13
Let u(i) = i**2 + 5*i + 8. Let m(w) = 6*w**2 - 3. Let y be m(1). Suppose 8 = 2*g - 10. Suppose -v - 15 = 3*l, 2*v - y = -2*l - g. What is u(l)?
14
Let v(m) = 125*m**3 + 4*m**2 + 7*m - 33. Let b(z) = -21*z**3 + z - 1. Let w(n) = 6*b(n) + v(n). Calculate w(5).
1
Let b(n) be the first derivative of -n**4/4 + 2*n**3 + n**2 - 8*n + 17. Suppose 4*u - 15 - 17 = -4*a, 0 = -3*a + 6. Determine b(u).
4
Suppose -2*l + 2 = -0*l. Let i(s) = -2*s + 0 - 5 + 2 - l + 3*s**2 + s**3. Suppose -3*p + 1 = -2*c, -p + c - 10 = 4*p. Calculate i(p).
2
Let w(u) = u**2 - 12*u + 25. Let q be w(9). Let m(i) = -11*i**2 - 4*i - 2. What is m(q)?
-38
Let s(j) = 9*j - 292. Suppose -90 = -4*h + 2*z + 28, 0 = 5*h + 8*z - 200. Calculate s(h).
-4
Let w(i) = 20*i - 3299. Let c be w(165). Let s(r) = 2*r**2 + 10*r - 11. Calculate s(c).
1
Let y(g) = 8*g**3 + g**2 + 2*g + 1. Suppose 21*i + 1 = 20*i. Determine y(i).
-8
Suppose 519 = -3*u - 918. Let o = -478 - u. Let d(i) = 8*i**2. Calculate d(o).
8
Let y = -9 + 22. Let w = y + -15. Let q(f) be the third derivative of -f**4/24 - f**3/3 - 26*f**2. Give q(w).
0
Let p(t) = 12 + 1 + 0 + 13 - 8*t - 1. Calculate p(2).
9
Let p(y) = y**3 + 12*y**2 - 45*y - 6. Let t = -332 - -317. Let w be p(t). Let g(i) = -i**3 - 7*i**2 - 8*i - 4. Calculate g(w).
8
Let y(h) = -2*h + 17. Let t(m) = -2*m**2 - 8*m + 47. Let s be t(4). Let i(v) = v + 31. Let n be i(s). Determine y(n).
-11
Let c(y) = y + 1. Let u(n) = n + 2. Let t(m) = 4*c(m) - 5*u(m). Let f(r) = -1329*r - 10636. Let v be f(-8). Determine t(v).
-2
Suppose 66 = w + 5*m, 117 = -4*w + 3*m + 358. Suppose 66*c - w*c - 50 = 0. Let d(b) = b**3 - 9*b**2 - 9*b - 5. What is d(c)?
5
Suppose -g = -5*h - 35, 46 = -4*h + 5*g + 18. Let s(t) = 10*t - 23. Let z(q) = 34*q - 78. Let b(d) = 7*s(d) - 2*z(d). Give b(h).
-19
Suppose -w - 12 - 30 = 4*p, 2*p - 2*w + 6 = 0. Let l(r) = -8*r - 69. What is l(p)?
3
Let g = -605 + 612. Let l(f) = -f + 4 + 0 + 3 + 1 - g. Give l(7).
-6
Suppose 5*s + 4 = -2*g - 2, -5*g - 15 = 5*s. Suppose s = 6*n - 2*n - 252. Let t(v) = 2 - n*v + 27*v + 37*v - 3. Determine t(2).
1
Let g(l) = l**2 - 5*l - 3. Let u(a) = 28*a - 95. Let d be u(5). Suppose -b + d = 4*b. Determine g(b).
33
Let u(w) = -w**3 + 9*w**2 - 10*w + 12. Let z be u(8). Let k be 6/(-12) - 10/z. Let m(g) = -2*g**k - 4*g + 2 + 6*g**2 - 5*g**2. Calculate m(-4).
2
Let v(t) be the third derivative of 3*t**4/8 + 28*t**3/3 - 12*t**2 - 106*t. What is v(-6)?
2
Suppose 550 = -44*c - 11*c. Let n(x) = 2*x + 36. What is n(c)?
16
Let y be -4 + ((-14)/16)/(23/(-184)). Let r(s) be the third derivative of 0*s - 1/24*s**4 + 0 - 17*s**2 + 2/3*s**y. Calculate r(3).
1
Let h(k) = -k**3 - k**2 + k - 5. Suppose -158*o + 162*o = -344. Let j = 86 + o. Give h(j).
-5
Let l(i) = i + 3*i - 1 - 4*i + i**2. Suppose -5*a + 0*o - 4*o - 2 = 0, 2*a - o = 7. Suppose 0 = -3*g - 0*d + a*d - 5, 4*d = -2*g + 18. Give l(g).
0
Let c(z) = -z**2 - 83*z + 5. Let a(b) = -2*b**2 - 138*b + 10. Let r(u) = -3*a(u) + 5*c(u). Let s = -1 + -4. Give r(s).
25
Let n(j) = j**3 - 2*j**2 + 1. Let q be n(1). Let c(y) = 49 + 11*y - 100 - 10*y + 59. Calculate c(q).
8
Let d(l) = -l + 14. Let u(r) = -273 + 29*r - 17*r + 121. Let w(g) = 32*d(g) + 3*u(g). Calculate w(6).
16
Let r(c) = -44*c + 30 + 43*c - 20 - 15. Suppose 3*w - 3*i = -6, 0 = 4*w - w + i + 18. What is r(w)?
0
Let j(d) = 2*d + 121. Let g(z) = -2*z - 104. Let s(n) = 10*g(n) + 9*j(n). Give s(22).
5
Let h(n) be the second derivative of 0*n**2 + 4/3*n**3 + 7/12*n**4 + 1/20*n**5 - 129*n + 0. Determine h(-6).
-12
Let b(z) be the third derivative of -z**6/120 + 7*z**5/60 - z**4/8 + z**3/6 - z**2. Suppose -2510*r + 2507*r = -c - 17, -2*r + 2 = -2*c. What is b(c)?
-20
Suppose 2*y = y + 4. Let c = 57 - 34. Let d(i) = c*i - 15*i - 3 - 7*i. What is d(y)?
1
Suppose -5*w + 3*f = 27, -4*f = 4*w - 2*f + 26. Let y(r) = r - 8. Let n(v) = -v + 10. Let x(q) = w*y(q) - 5*n(q). Determine x(-3).
1
Suppose 0 = -5*r + 115 - 685. Let j = r + 121. Let q(c) = c**3 - 8*c**2 + 9*c - 10. Determine q(j).
4
Let k(u) = 3*u + 4. Suppose 3 = j + 3. Suppose 4*l + 5*v + 11 = -0*l, 5*l - v + 21 = j. Give k(l).
-8
Let v(w) = -w - 5. Let u be (2/4)/(-1) - 1895/(-10). Suppose -3*a - 4*b = -118 - 15, 4*a - u = -3*b. Let g = a + -51. Calculate v(g).
-5
Let c be ((-6)/(-2) - 1)/(511/(-63) + 8). Let z(j) = 11*j + 198. Determine z(c).
0
Suppose 4*c + 41*m + 28 = 44*m, 0 = c - 2*m + 12. Let x(o) = -o**3 - 4*o**2 + 2*o + 2. Calculate x(c).
-6
Let j(v) be the third derivative of -v**6/90 + v**5/60 - v**4/12 + 24*v**3 + 66*v**2. Let s(l) be the first derivative of j(l). Determine s(2).
-14
Let h(j) be the first derivative of j**4/4 - j**3/3 + 2. Suppose -9*i + 23 - 23 = 0. Let o be (i - 0)/(0 - 7/(-7)). Calculate h(o).
0
Suppose 2*u + 6 = -2. Let w(k) = 49*k - 9 + 51*k + 51*k - 3 - 144*k. Let z(d) = -8*d + 14. Let j(v) = -5*w(v) - 4*z(v). Give j(u).
16
Let v be (2/1 - -3) + (-32)/(-16). Let r(j) = j**2 - 7*j + 2. What is r(v)?
2
Let j(n) be the second derivative of -3*n**5/20 - 23*n**4/12 - 5*n**3/2 + n**2 - 2505*n. What is j(-7)?
9
Let c(b) be the third derivative of b**5/30 + b**4/24 + b**3/3 - 6*b**2. Suppose z - 7 - 2 = -4*n, n - 4 = -2*z. Calculate c(n).
12
Let y(z) = -z**3 - 22*z**2 + 278*z + 15. Let v be y(9). Let b = 1 + 3. Let x(u) = 7*u**2 + b*u + 7 + 5*u - u**3 - 18*u. Give x(v).
-11
Let m be (-2)/(-6)*(-30)/(-10)*2. Let b be 1/(-5) - (-21)/5. Let i(y) = 0*y + b*y**2 - 3*y - 7*y**2 + 4*y**2. Calculate i(m).
-2
Let j(x) be the first derivative of -1/4*x**4 - 5/3*x**3 - 3*x - 23 + 3*x**2. Suppose -12 = z + z. What is j(z)?
-3
Let s = 4316 + -4315. Let n(k) = 104*k**3 - 2*k + 1. Give n(s).
103
Let s(a) = 1084 - 2*a + 11*a - 976 + 3*a. Let l be s(-9). Let b(t) = t - 25. Calculate b(l).
-25
Let i(r) = -16*r**2 + 19*r**2 - 2*r**2 + 2 - 5*r. Let b be i(4). Let j(n) be the first derivative of -n**2 + 2*n + 1. Determine j(b).
6
Suppose -4*t - t - 50 = 0. Let d be 4/10 - (-4)/t. Let l(u) = 67152 - 8*u + 15*u - 67140 - 2*u - 6*u. Calculate l(d).
12
Let i(l) be the first derivative of 11/2*l**2 - 1/3*l**3 - 6*l - 26. What is i(8)?
18
Suppose 0 = 4*f + 19 - 147. Suppose 4*n - 5*z = -0*z + 121, -z - 133 = -4*n. Let i = n - f. Let w(s) = -s**2 + 3*s - 3. Give w(i).
-1
Suppose 11 = 5*o + 1. Suppose -3*g + 355 = o*g. Let a = -65 + g. Let v(y) = 2*y - 10. Calculate v(a).
2
Let p = -12 - -7. Let v(z) = -1015*z - 371*z + 1382*z. What is v(p)?
20
Let o(u) = 359*u**2. Let s be o(-1). Suppose 354*d - 35 = s*d. Let b(h) = -h**3 - 7*h**2 + h + 4. Give b(d).
-3
Let f(k) be the first derivative of k + 74 - 9/2*k**2. Calculate f(2).
-17
Suppose -8 = -2*m, -5*m - 53 = 4*q - 13. Let b(d) = -21*d - 321. Let v be b(q). Let p(y) = y**2 + y - 6. Give p(v).
24
Let p(k) be the second derivative of 0 + 193*k - 1/12*k**4 + 1/2*k**3 + 3/2*k**2. What is p(3)?
3
Let s(y) be the first derivative of -1/4*y**4 + 144 + 0*y**3 + 0*y**2 - 13*y. Suppose 2*t = 3*t. What is s(t)?
-13
Let w be (-48)/(-32)*8/(-3). Let g(u) = 3*